st common factor of 16 and 24?
8
What is the highest common factor of 44 and 121?
11
Calculate the greatest common divisor of 2 and 42.
2
What is the highest common factor of 164 and 1312?
164
Calculate the highest common divisor of 2 and 1289.
1
Calculate the highest common factor of 5795 and 95.
95
Calculate the highest common divisor of 30 and 195.
15
Calculate the highest common factor of 315 and 35.
35
Calculate the highest common factor of 14256 and 165.
33
Calculate the greatest common divisor of 468 and 7839.
117
What is the highest common factor of 3282 and 3?
3
Calculate the highest common divisor of 370 and 10.
10
Calculate the greatest common factor of 13 and 3497.
13
What is the greatest common factor of 16 and 4624?
16
Calculate the greatest common factor of 140 and 60.
20
Calculate the highest common factor of 96 and 204.
12
What is the highest common divisor of 1815 and 30?
15
Calculate the greatest common factor of 3 and 1369.
1
What is the highest common factor of 190 and 1216?
38
Calculate the greatest common factor of 48 and 216.
24
What is the highest common divisor of 24 and 150?
6
What is the highest common factor of 1752 and 24?
24
What is the highest common factor of 33 and 27852?
33
What is the greatest common factor of 11425 and 25?
25
What is the greatest common factor of 464 and 783?
29
Calculate the greatest common divisor of 3 and 96.
3
Calculate the greatest common divisor of 25369 and 46.
23
Calculate the highest common factor of 7967 and 31.
31
What is the greatest common divisor of 30 and 510?
30
What is the highest common divisor of 1 and 224?
1
What is the greatest common factor of 153 and 25857?
153
Calculate the highest common divisor of 70 and 30.
10
What is the highest common factor of 3430 and 280?
70
Calculate the highest common factor of 1136 and 48.
16
What is the highest common factor of 392 and 224?
56
Calculate the highest common divisor of 2747 and 670.
67
What is the highest common divisor of 1216 and 19?
19
Calculate the highest common divisor of 2868 and 12.
12
What is the highest common divisor of 32 and 1296?
16
Calculate the greatest common divisor of 15 and 19995.
15
What is the greatest common factor of 55 and 75?
5
What is the highest common divisor of 60 and 5?
5
What is the highest common divisor of 94 and 329?
47
What is the greatest common divisor of 72 and 69?
3
What is the greatest common divisor of 707 and 7?
7
What is the greatest common divisor of 2712 and 408?
24
Calculate the greatest common divisor of 16 and 104.
8
Calculate the greatest common divisor of 225 and 20.
5
What is the greatest common factor of 9 and 101?
1
Calculate the greatest common divisor of 216 and 72.
72
Calculate the highest common factor of 10 and 31315.
5
Calculate the greatest common factor of 7 and 385.
7
What is the greatest common divisor of 3960 and 1210?
110
What is the highest common divisor of 40 and 490?
10
Calculate the greatest common factor of 12 and 3618.
6
What is the highest common divisor of 3435 and 15?
15
Calculate the highest common divisor of 252 and 693.
63
What is the greatest common divisor of 3328 and 182?
26
What is the highest common divisor of 36 and 13668?
12
What is the highest common factor of 19435 and 115?
115
What is the highest common factor of 2052 and 532?
76
Calculate the highest common divisor of 162 and 6192.
18
Calculate the greatest common factor of 46 and 4738.
46
Calculate the highest common factor of 400 and 360.
40
Calculate the highest common divisor of 2291 and 237.
79
Calculate the greatest common divisor of 91 and 1183.
91
What is the highest common factor of 1200 and 325?
25
Calculate the greatest common factor of 546 and 462.
42
Calculate the greatest common divisor of 504 and 576.
72
Calculate the highest common divisor of 92 and 253.
23
Calculate the highest common divisor of 2632 and 5076.
188
What is the greatest common factor of 24 and 78?
6
Calculate the highest common factor of 1932 and 69.
69
What is the greatest common factor of 88 and 264?
88
What is the greatest common divisor of 5 and 65?
5
Calculate the greatest common divisor of 1071 and 85.
17
Calculate the greatest common factor of 24 and 40.
8
Calculate the greatest common divisor of 348 and 20.
4
Calculate the greatest common factor of 108 and 17226.
54
Calculate the greatest common divisor of 9 and 657.
9
Calculate the highest common divisor of 22665 and 15.
15
What is the greatest common divisor of 112 and 504?
56
What is the highest common divisor of 1872 and 858?
78
Calculate the greatest common divisor of 17 and 14909.
17
What is the greatest common factor of 1558 and 82?
82
What is the greatest common factor of 130 and 4472?
26
Calculate the highest common divisor of 2378 and 82.
82
Calculate the highest common divisor of 125 and 1490.
5
Calculate the greatest common factor of 3776 and 64.
64
What is the greatest common factor of 48 and 5112?
24
What is the greatest common divisor of 20864 and 64?
64
What is the highest common factor of 261 and 2043?
9
What is the highest common divisor of 84 and 4578?
42
What is the greatest common divisor of 196 and 161?
7
What is the highest common factor of 103 and 1957?
103
Calculate the highest common divisor of 3614 and 26.
26
What is the highest common factor of 2598 and 24?
6
What is the highest common factor of 339 and 19097?
113
Calculate the highest common divisor of 650 and 2210.
130
Calculate the greatest common factor of 64 and 4544.
64
What is the highest common divisor of 655 and 4716?
131
What is the highest common divisor of 120 and 22?
2
Calculate the greatest common divisor of 4 and 50.
2
Calculate the highest common divisor of 119 and 6341.
17
What is the highest common divisor of 56 and 8?
8
Calculate the greatest common divisor of 845 and 507.
169
What is the highest common factor of 481 and 111?
37
Calculate the greatest common divisor of 9 and 1467.
9
What is the highest common divisor of 8 and 40?
8
What is the greatest common factor of 68 and 918?
34
Calculate the highest common divisor of 63 and 2.
1
What is the greatest common factor of 78 and 1911?
39
What is the highest common factor of 2270 and 5?
5
Calculate the highest common factor of 60 and 1290.
30
What is the greatest common factor of 192 and 408?
24
What is the highest common factor of 15 and 1545?
15
Calculate the highest common factor of 54 and 2718.
18
Calculate the greatest common divisor of 6392 and 136.
136
What is the greatest common divisor of 9 and 8271?
9
Calculate the greatest common factor of 39 and 676.
13
What is the greatest common factor of 186 and 17391?
93
Calculate the highest common divisor of 8500 and 2.
2
What is the greatest common factor of 4 and 340?
4
Calculate the highest common factor of 53 and 848.
53
What is the highest common divisor of 28578 and 66?
66
What is the greatest common factor of 574 and 492?
82
What is the highest common divisor of 793 and 8?
1
What is the greatest common factor of 69 and 575?
23
What is the highest common factor of 33 and 209?
11
Calculate the highest common divisor of 21 and 42.
21
Calculate the greatest common factor of 104 and 4498.
26
What is the highest common factor of 39 and 1092?
39
What is the greatest common factor of 425 and 50?
25
Calculate the highest common divisor of 9347 and 26.
13
Calculate the greatest common factor of 70 and 170.
10
Calculate the highest common divisor of 100 and 180.
20
Calculate the greatest common factor of 21 and 1400.
7
Calculate the highest common factor of 39 and 416.
13
Calculate the greatest common factor of 58 and 50.
2
What is the greatest common divisor of 6129 and 6?
3
What is the greatest common factor of 4550 and 26?
26
Calculate the greatest common divisor of 27 and 1323.
27
Calculate the highest common factor of 180 and 95.
5
What is the highest common divisor of 48 and 688?
16
What is the greatest common factor of 220 and 80?
20
What is the greatest common divisor of 741 and 114?
57
What is the greatest common divisor of 27 and 657?
9
Calculate the highest common factor of 2 and 118.
2
Calculate the greatest common divisor of 630 and 2590.
70
Calculate the highest common divisor of 2 and 1772.
2
What is the greatest common factor of 638 a